t common divisor of 874 and 46.
46
What is the greatest common divisor of 1305 and 45?
45
What is the highest common divisor of 3 and 8?
1
Calculate the highest common divisor of 679 and 194.
97
Calculate the highest common divisor of 25 and 2525.
25
What is the highest common factor of 70 and 560?
70
Calculate the greatest common factor of 909 and 72.
9
Calculate the highest common factor of 93 and 62.
31
Calculate the highest common factor of 583 and 371.
53
Calculate the greatest common factor of 3672 and 81.
27
What is the greatest common divisor of 24503 and 458?
229
What is the greatest common factor of 165 and 435?
15
Calculate the greatest common divisor of 4094 and 46.
46
Calculate the highest common divisor of 690 and 150.
30
What is the greatest common divisor of 1278 and 54?
18
Calculate the highest common divisor of 46 and 322.
46
Calculate the highest common divisor of 37230 and 30.
30
What is the greatest common factor of 4 and 17?
1
Calculate the greatest common factor of 11 and 11.
11
What is the greatest common divisor of 40 and 60?
20
Calculate the greatest common factor of 1638 and 21.
21
Calculate the highest common divisor of 23301 and 108.
27
What is the greatest common factor of 20 and 590?
10
What is the highest common divisor of 21 and 861?
21
Calculate the highest common divisor of 133 and 28.
7
What is the highest common divisor of 10 and 115?
5
What is the greatest common divisor of 2352 and 48?
48
What is the highest common divisor of 6 and 111?
3
Calculate the highest common factor of 490 and 3136.
98
Calculate the greatest common divisor of 4 and 8.
4
What is the greatest common factor of 95 and 12065?
95
What is the greatest common divisor of 558 and 3689?
31
Calculate the highest common factor of 98 and 70.
14
Calculate the greatest common divisor of 70 and 8400.
70
What is the highest common factor of 8 and 16?
8
Calculate the greatest common factor of 13 and 2041.
13
Calculate the highest common factor of 63 and 117.
9
Calculate the greatest common factor of 46 and 5014.
46
Calculate the greatest common factor of 5 and 8285.
5
Calculate the highest common factor of 180 and 132.
12
Calculate the highest common factor of 9 and 78912.
9
Calculate the highest common divisor of 1281 and 63.
21
Calculate the greatest common factor of 60 and 2490.
30
Calculate the greatest common divisor of 10008 and 288.
72
What is the greatest common divisor of 6 and 942?
6
What is the greatest common factor of 234 and 52?
26
Calculate the greatest common divisor of 141 and 42.
3
What is the greatest common divisor of 578 and 68?
34
Calculate the greatest common factor of 351 and 39.
39
What is the greatest common divisor of 3 and 6?
3
What is the highest common divisor of 3990 and 56?
14
What is the greatest common divisor of 17 and 527?
17
What is the greatest common factor of 131 and 6419?
131
Calculate the highest common divisor of 2295 and 135.
135
What is the highest common divisor of 448 and 98?
14
Calculate the greatest common factor of 60 and 276.
12
What is the greatest common factor of 85 and 15?
5
Calculate the highest common factor of 3135 and 190.
95
What is the highest common factor of 4466 and 29?
29
What is the highest common factor of 1308 and 444?
12
Calculate the highest common factor of 1840 and 8.
8
Calculate the greatest common divisor of 81 and 1161.
27
Calculate the greatest common factor of 893 and 423.
47
What is the highest common divisor of 41 and 1?
1
What is the greatest common factor of 18 and 14?
2
What is the highest common divisor of 153 and 9?
9
Calculate the greatest common factor of 954 and 54.
18
What is the highest common factor of 40 and 100?
20
Calculate the highest common factor of 1616 and 16.
16
What is the highest common divisor of 14 and 175?
7
Calculate the greatest common factor of 600 and 408.
24
Calculate the greatest common factor of 5707 and 91.
13
Calculate the highest common factor of 10 and 2885.
5
Calculate the highest common factor of 36 and 132.
12
What is the greatest common factor of 802 and 2?
2
What is the greatest common divisor of 1800 and 2550?
150
Calculate the highest common divisor of 4096 and 16.
16
Calculate the highest common divisor of 4600 and 136.
8
What is the greatest common divisor of 9593 and 181?
181
Calculate the greatest common divisor of 276 and 54.
6
Calculate the greatest common divisor of 576 and 5088.
96
Calculate the greatest common divisor of 2 and 1626.
2
What is the highest common divisor of 50 and 350?
50
What is the greatest common factor of 31 and 7?
1
Calculate the highest common divisor of 8436 and 7104.
444
What is the highest common factor of 86 and 387?
43
What is the highest common factor of 7 and 4760?
7
Calculate the greatest common divisor of 6 and 331.
1
What is the greatest common factor of 53 and 689?
53
What is the greatest common factor of 126 and 4578?
42
What is the greatest common divisor of 1918 and 28?
14
What is the greatest common factor of 154 and 143?
11
Calculate the highest common divisor of 14 and 511.
7
Calculate the greatest common factor of 114 and 24.
6
Calculate the highest common factor of 53 and 79.
1
Calculate the highest common factor of 100 and 1720.
20
What is the highest common factor of 80 and 140?
20
Calculate the greatest common factor of 23244 and 780.
156
Calculate the highest common factor of 8 and 114.
2
Calculate the highest common factor of 6550 and 1048.
262
What is the greatest common divisor of 506 and 44?
22
What is the highest common factor of 55 and 5195?
5
Calculate the greatest common factor of 44 and 5324.
44
Calculate the highest common divisor of 412 and 30385.
103
What is the greatest common factor of 166 and 5063?
83
Calculate the greatest common divisor of 50 and 1075.
25
What is the highest common factor of 1639 and 99?
11
Calculate the greatest common factor of 12474 and 154.
154
What is the greatest common factor of 2 and 17?
1
What is the highest common factor of 640 and 20?
20
What is the highest common factor of 28 and 47950?
14
Calculate the greatest common factor of 15145 and 130.
65
Calculate the highest common divisor of 12 and 3561.
3
Calculate the greatest common factor of 738 and 410.
82
Calculate the greatest common factor of 15 and 25785.
15
What is the greatest common factor of 60 and 135?
15
Calculate the highest common factor of 91891 and 43.
43
Calculate the greatest common factor of 79 and 27571.
79
Calculate the greatest common divisor of 100 and 95.
5
Calculate the greatest common divisor of 27 and 621.
27
What is the highest common factor of 225 and 1825?
25
What is the greatest common divisor of 14 and 1554?
14
Calculate the greatest common divisor of 670 and 67.
67
Calculate the highest common divisor of 810 and 60.
30
What is the greatest common divisor of 97 and 1?
1
What is the greatest common divisor of 65 and 520?
65
What is the highest common factor of 41575 and 25?
25
What is the greatest common divisor of 16 and 1176?
8
Calculate the greatest common divisor of 672 and 63.
21
What is the greatest common divisor of 99 and 44?
11
Calculate the greatest common factor of 33 and 66.
33
Calculate the greatest common divisor of 216 and 8.
8
Calculate the highest common divisor of 26 and 1859.
13
What is the greatest common factor of 79 and 18328?
79
Calculate the highest common divisor of 21 and 22778.
7
What is the greatest common divisor of 30 and 115?
5
What is the highest common factor of 1079 and 143?
13
Calculate the greatest common divisor of 435 and 15.
15
What is the greatest common divisor of 16 and 496?
16
Calculate the highest common divisor of 4 and 840.
4
Calculate the highest common divisor of 4717 and 212.
53
What is the highest common factor of 1 and 169?
1
What is the greatest common factor of 378 and 28?
14
What is the highest common divisor of 132 and 572?
44
Calculate the highest common divisor of 99 and 1199.
11
Calculate the highest common divisor of 1802 and 1060.
106
What is the greatest common factor of 98 and 448?
14
Calculate the highest common divisor of 252 and 350.
14
What is the greatest common divisor of 140 and 4120?
20
What is the greatest common factor of 1551 and 33?
33
What is the greatest common factor of 255 